 3. Let f = -392 - -214. Let s = f - -189. Calculate the remainder when g(4) is divided by s.
3
Let d be 7/2 + 1/(-2). Suppose d*u = 3*h - 69, 4*u + 8 = -0*u. What is the remainder when h is divided by (1/(21/36))/((-14 + 17)/21)?
9
Let s = 1299 - 1212. Calculate the remainder when s is divided by 27.
6
Suppose -478*t = -331*t - 8526. Calculate the remainder when 915 is divided by t.
45
Suppose -p + 11 = 4*s, s = 7*p - 12*p + 36. Suppose -p*u + 385 + 42 = 0. Calculate the remainder when u is divided by 7.
5
Suppose 0 = 2*z + 12, -4*w - 5*z = -136 + 38. What is the remainder when 135 is divided by w?
7
Let d = 6936 - 6747. What is the remainder when d is divided by 94?
1
Suppose 22*a + 4116 + 3650 = 0. Let l = -329 - a. Calculate the remainder when 113 is divided by l.
17
Suppose -54347 + 482667 = 79*p - 176. What is the remainder when p is divided by 26?
16
Let d = 640 - 332. Suppose 0 = z - 5*c - 26 - 21, 4*z = -4*c + d. Let w = z - 6. Calculate the remainder when w is divided by 17.
15
Suppose 3*q = 29 + 10. Let n = q + 21. Calculate the remainder when n is divided by 21.
13
Let o = -25 + 46. Let z(f) = f + 1. Let u(s) = 45*s + 3. Let c(g) = -u(g) + 4*z(g). Calculate the remainder when c(-2) is divided by o.
20
Calculate the remainder when (3/((-39)/65) + 10/(-6))*-3 is divided by 4.
0
Let s(q) = 2*q**2 + 29*q + 77. Let i be s(-25). Suppose -10 = 5*k - 20, -4*h + k + i = 0. Calculate the remainder when h is divided by 31.
27
Let m(n) = n**3 + 12*n**2 + 37*n. Let f be m(-6). Calculate the remainder when 81 is divided by (-248)/18*-3*f/(-4).
19
Suppose 1 = h, 222 + 636 = -4*j + 2*h. Let i = j - -299. Calculate the remainder when 423 is divided by i.
83
Let h = -33228 - -35454. What is the remainder when 6679 is divided by h?
1
Let o = -10088 + 17354. Calculate the remainder when o is divided by 46.
44
Suppose -2*j + 5*j + 68 = 5*d, -d + 4 = -3*j. Suppose 6 + 23 = g - 3*r, -2*r + 172 = 4*g. What is the remainder when g is divided by d?
9
Let c be 4424/(-92) + 0 - 22/(-253). What is the remainder when 243 is divided by (-402)/(-10) + c/(-60)?
38
Let o = -14464 - -22904. Calculate the remainder when o is divided by 63.
61
Suppose -4*k = -1279*x + 1277*x + 2846, 4*x = -4*k + 5656. Calculate the remainder when x is divided by 2.
1
Suppose 90*d - 1446 = 88*d + n, -5*d + 2*n = -3612. What is the remainder when 722 is divided by d?
2
Let n = 7 + -4. Suppose -n = -2*j + 7. Calculate the remainder when 57/(3192/(-56)) + (-4)/(-6)*33 is divided by j.
1
Suppose 9581 = 4*s + 7*o, 127*s - 132*s + 3*o + 11941 = 0. Calculate the remainder when s is divided by 184.
182
Let a(b) = b**3 - 16*b**2 + 5*b + 66. Let q = 106 + -90. Calculate the remainder when a(q) is divided by 30.
26
Let t = 8487 + -8478. Calculate the remainder when 2283 is divided by t.
6
Let h = 106 + -102. Let j = 25 + -13. Calculate the remainder when h - 1248/(-30) - (-2)/5 is divided by j.
10
Suppose 94 - 298 = -6*h. Calculate the remainder when 67 is divided by (1 + -5 - -1) + 3 + h.
33
Let g(c) = -c**3 + 7*c**2 + 10*c - 24. Let l be g(8). Let f be l*1/(-5) - 30/(-75). What is the remainder when 62 is divided by (-3)/((-3)/f) - 810/(-27)?
30
Suppose 5*l - 245 = -2*l. Suppose -11 = 3*u - l. What is the remainder when 39 is divided by u?
7
Let j = 239 - 57. Suppose -d + 0*q + q + j = 0, 4*d - 724 = 3*q. What is the remainder when d is divided by 26?
22
Let s(m) = 32*m + 119. Let h be s(-9). Let d = h - -318. Calculate the remainder when d is divided by 19.
16
Let r = -2770 + 3107. Calculate the remainder when 1030 is divided by r.
19
Let r = -20 - -55. Suppose -w + 2*w + r = -g, 0 = 3*g - 2*w + 120. Let y = g + 83. What is the remainder when y is divided by 12?
9
Suppose -3*t - 2*t = -615. Let p be (-1)/((-249)/t + 2) - 1. Suppose 3*v = -p + 127. What is the remainder when 55 is divided by v?
26
Let v = -762 - -819. What is the remainder when 182 is divided by v?
11
Let g = -634 + 700. Suppose 3*j - g = -30. Calculate the remainder when 94 is divided by j.
10
Let b = 374 - 652. Let g = b + 292. Calculate the remainder when 46 is divided by g.
4
Let r = -69 - -70. What is the remainder when 74 is divided by (-2030)/(-50) + r/((-20)/12)?
34
Let p(y) = 4*y + 2*y - 7*y + 0*y - 13. Let g be p(-16). Suppose -3*t - 3*o = -132, -g*t = 4*o - 87 - 50. What is the remainder when t is divided by 8?
7
Let c = -6229 + 6263. Calculate the remainder when 1356 is divided by c.
30
What is the remainder when (575656/141)/(2/(-6)*1 + 1) is divided by 49?
48
Let u(m) = m**3 + 15*m**2 + 4*m + 9. Let c be u(-8). Let w = 459 - c. Calculate the remainder when w is divided by 26.
8
Let o = -177 + 230. Let j = o + 58. What is the remainder when j is divided by 7?
6
Let h = -11242 - -11251. What is the remainder when 1365 is divided by h?
6
Let l(o) be the second derivative of -o**4/12 + 11*o**3/3 - 21*o**2/2 + 8*o. Let x = -165 + 194. Calculate the remainder when l(15) is divided by x.
26
Let p = 66 + -46. Let n(u) = -23*u - 365. Calculate the remainder when n(-28) is divided by p.
19
Let u(p) = -6*p + 857. What is the remainder when u(28) is divided by 15?
14
Let l(p) = -35*p + 71. Calculate the remainder when l(-21) is divided by 3.
2
Suppose 4*y - y + 5*t = -103, -3*y + 3*t - 63 = 0. Let b = 36 + y. Let n = 16159 + -16125. What is the remainder when n is divided by b?
4
Let h be ((-196)/(-10))/7 + (-1)/(-5). Let t(s) = -36*s - 12. Let k be t(h). What is the remainder when 87 is divided by (6/(-5))/(8/k)?
15
Let o(m) = 4*m**2 + 4*m + 38. What is the remainder when o(-11) is divided by 61?
51
Suppose -4 = -y - 1. Suppose 4*x - 245 = -5*o, o - 58 = -x + y*o. Let b(q) = -q**2 + 2*q + 37. Calculate the remainder when x is divided by b(6).
8
What is the remainder when 5572 is divided by 3*6/36*(-200)/(-4)?
22
Let t be 10*(2/(-23) + 994/322). Let r = t - 23. What is the remainder when 38 is divided by r?
3
Let l(j) = -85*j + 8. Let o be l(10). Let p be -6 + 43/7 - o/(-14). Let q = p + 72. Calculate the remainder when 23 is divided by q.
11
Let s(m) = 0*m - m + 2*m - 4*m - m**2 + 3. Let f be s(-3). Suppose 0 = -0*o - o + i + 54, o = f*i + 56. What is the remainder when o is divided by 11?
9
Suppose -5*m - 935 = 1065. Let x = m + 558. What is the remainder when x is divided by 27?
23
Suppose 0*d = 5*h - 2*d - 104, 2*h = -d + 47. Suppose -h*n + 143 + 143 = 0. What is the remainder when 112 is divided by n?
8
Suppose 12*y + 1074 = -2226. Calculate the remainder when (y/(-35) - 2) + (-2)/(-14) is divided by 3.
0
Suppose -5*l + 5*t = -4*l + 574, 0 = 4*l + 3*t + 2204. Let c = l + 560. Calculate the remainder when 143 is divided by c.
5
Suppose -13*y + 16*y + 241 = 259. What is the remainder when 202 is divided by y?
4
Suppose -278 = -2*w - 5*n + 27, 0 = -2*w - 3*n + 303. What is the remainder when 594 is divided by w?
144
Suppose -4*t - 9 = 5*t. Calculate the remainder when (t + 95)/((-20)/(-10)) is divided by 12.
11
What is the remainder when 282 is divided by (-5 + 316/16)*4?
46
Let r be (-1 - 1)/(5/((-765)/6)). Suppose 0 = -3*b + 408 - r. Suppose 0*j + 35 = o - 5*j, -5*o - 3*j + b = 0. What is the remainder when 97 is divided by o?
22
Let d = -49 - -70. Suppose 0 = 5*l - t - 1659, -827 = -3*l + 2*t + 174. Let r = l - 318. What is the remainder when d is divided by r?
8
Calculate the remainder when 12953 is divided by -13 + 5 - (-106 + 19)*1.
76
Let l = -806 + 1177. Let p = 1034 - l. Suppose -4*c + p - 203 = 0. Calculate the remainder when c is divided by 60.
55
Let d(s) = 15*s**2 - 723*s - 130. What is the remainder when d(50) is divided by 386?
62
Let p be 12*(9/6 + 20/(-16)). Suppose 0*n - 3*n - 2*a = 12, 5*n - p*a = -1. What is the remainder when 1/((8/(-164))/n) is divided by 21?
20
Let w(t) = -8*t - 13. Let r be w(-2). Let d be 1 + 5/(-3) - (-302)/r. Suppose -141*c + d = -136*c. Calculate the remainder when 137 is divided by c.
17
Suppose 0 = 633*k + 370*k + 214*k - 268957. Let g(p) = 19*p - 1. Calculate the remainder when k is divided by g(3).
53
Let w = -334 + 174. Suppose 5*d + 3*m = -0*m - 16, 4 = -4*d + 2*m. Calculate the remainder when d/(-2 - w/82) is divided by 14.
13
Let l(o) = 6*o - 4. What is the remainder when (-2 - (2 - -6))*(3 - 1 - 9) is divided by l(6)?
6
Let y = 18 + -51. Let a = y + 48. Suppose -47*